is -4 + -1a?
-1e
In base 14, what is 1c63 + -1?
1c62
In base 11, what is -4 + -605?
-609
In base 15, what is 890 - -1?
891
In base 11, what is 9 + 223?
231
In base 6, what is 325 - -4?
333
In base 16, what is 5a - 3?
57
In base 14, what is -1 - 17?
-18
In base 9, what is -7 - 44?
-52
In base 9, what is -1316 + 4?
-1312
In base 8, what is -3 + -163?
-166
In base 6, what is 5 - -152?
201
In base 4, what is 1 + 10033?
10100
In base 10, what is 11 + 217?
228
In base 15, what is -1 + 68?
67
In base 3, what is -110 - 1000?
-1110
In base 9, what is -2 + -1240?
-1242
In base 9, what is 1 - 143?
-142
In base 16, what is 3 - -1160?
1163
In base 7, what is -24 + 3?
-21
In base 2, what is 100001 + -1111000?
-1010111
In base 4, what is 3 + 201?
210
In base 6, what is 22 - 141?
-115
In base 5, what is -1 - 13?
-14
In base 7, what is -124551 - -1?
-124550
In base 3, what is -10002 - 10?
-10012
In base 10, what is 6 - -890?
896
In base 7, what is 5 + 11616?
11624
In base 10, what is -756 + 2?
-754
In base 14, what is 6c + -2?
6a
In base 6, what is -1 - -50?
45
In base 15, what is 670 - 1?
66e
In base 15, what is 1 + 100?
101
In base 10, what is 436 + 4?
440
In base 6, what is -225 + -525?
-1154
In base 14, what is 17 - -4?
1b
In base 14, what is 0 + 33?
33
In base 6, what is 2505 - -3?
2512
In base 3, what is -2121 - 10?
-2201
In base 5, what is -2 - -102431?
102424
In base 12, what is -10 + -26?
-36
In base 12, what is 2 - -213?
215
In base 6, what is 0 - 1011?
-1011
In base 8, what is 14 + -155?
-141
In base 16, what is -75d - 1?
-75e
In base 2, what is 1110000 + 1?
1110001
In base 5, what is 30 - 1?
24
In base 14, what is -38c - -5?
-387
In base 3, what is -1 + -10?
-11
In base 4, what is 11 + -130?
-113
In base 2, what is 1000101001100 - -11?
1000101001111
In base 6, what is -4032 - -2?
-4030
In base 2, what is 100001101 + -11?
100001010
In base 13, what is -45 + 2?
-43
In base 5, what is -4 + -144?
-203
In base 8, what is -370 + -2?
-372
In base 3, what is 11 - -2111?
2122
In base 8, what is -3 + -6145?
-6150
In base 11, what is -1013 - -8?
-1006
In base 12, what is 261 - 5?
258
In base 3, what is 2 + -2002012?
-2002010
In base 12, what is 319 + -6?
313
In base 10, what is -5 - -754?
749
In base 9, what is -143 + 25?
-117
In base 5, what is -11143 - -14?
-11124
In base 4, what is 312213 - -1?
312220
In base 12, what is 4 + -10a?
-106
In base 9, what is 41 - 517?
-466
In base 3, what is 1 + -11221?
-11220
In base 14, what is -1b2 - 2?
-1b4
In base 2, what is 0 + 1010001?
1010001
In base 3, what is -101000010 + 2?
-101000001
In base 2, what is 100 - 100011011?
-100010111
In base 2, what is 10 + 1101100?
1101110
In base 14, what is 0 + 20?
20
In base 13, what is -2 - 37?
-39
In base 12, what is -24 - 109?
-131
In base 4, what is -320 + -10210?
-11130
In base 3, what is 20 + 1101002?
1101022
In base 9, what is 1 + 26?
27
In base 8, what is 4 - -165?
171
In base 16, what is -3 + -6e8?
-6eb
In base 15, what is 88 + -2?
86
In base 8, what is 0 - -120?
120
In base 11, what is -3 + -46?
-49
In base 6, what is -124 + -2?
-130
In base 16, what is -c - -387?
37b
In base 15, what is -1 - -27?
26
In base 3, what is -2020 - 1111?
-10201
In base 4, what is 10 - 3201?
-3131
In base 9, what is -273 - 3?
-276
In base 3, what is -200 + 220?
20
In base 4, what is 2131 - 2?
2123
In base 2, what is 1 - 1101111010011?
-1101111010010
In base 10, what is -5851 + -3?
-5854
In base 14, what is 2 + 32?
34
In base 11, what is -2 - 170?
-172
In base 6, what is -401 - 5?
-410
In base 12, what is a57 + 2?
a59
In base 3, what is 2 + -101120002?
-101120000
In base 11, what is 281 - 1?
280
In base 13, what is -6ca + 5?
-6c5
In base 6, what is 5243 - -10?
5253
In base 12, what is 1 - -331?
332
In base 8, what is 1224 + 0?
1224
In base 3, what is 211 - 2121?
-1210
In base 15, what is -a - -42?
37
In base 8, what is -7 + -620?
-627
In base 9, what is 817 - -4?
822
In base 12, what is 3a + -112?
-94
In base 15, what is 2ce - 0?
2ce
In base 12, what is -1b - 6?
-25
In base 9, what is -1 - 206?
-207
In base 15, what is -16 - 17?
-2d
In base 15, what is 4 - 107a?
-1076
In base 8, what is 103 - -2?
105
In base 10, what is -459 - -2?
-457
In base 7, what is -303 + -2?
-305
In base 3, what is -20222 + 12?
-20210
In base 9, what is 688 + 2?
701
In base 16, what is 3 - f?
-c
In base 7, what is 0 - -43?
43
In base 10, what is 11 - 314?
-303
In base 8, what is 1 + -405?
-404
In base 9, what is 87 - 12?
75
In base 4, what is 20202 - 2?
20200
In base 15, what is -417a + 3?
-4177
In base 8, what is -13 + -6?
-21
In base 14, what is 333 - -5?
338
In base 4, what is -101122 - -1?
-101121
In base 6, what is -1 + 15?
14
In base 5, what is -10 + -3103?
-3113
In base 6, what is -2043 - 1?
-2044
In base 4, what is 2 + 233?
301
In base 15, what is -49a + 1?
-499
In base 15, what is -1 + d7?
d6
In base 2, what is -101 + 101000?
100011
In base 8, what is 1 - 50?
-47
In base 8, what is -51 + 3?
-46
In base 11, what is 0 + 116?
116
In base 12, what is 3 - b1?
-aa
In base 11, what is -86 + -12?
-98
In base 16, what is 0 - -1b?
1b
In base 15, what is -16 + -12?
-28
In base 3, what is -1100212100 + -2?
-1100212102
In base 12, what is 16 + -254?
-23a
In base 14, what is -4b5 - 0?
-4b5
In base 2, what is 100011111000 - 10?
100011110110
In base 15, what is -23 - 1?
-24
In base 5, what is -22142 + -10?
-22202
In base 14, what is -32 - -11?
-21
In base 14, what is -110 - 12?
-122
In base 2, what is -1111110001 + 10?
-1111101111
In base 11, what is -909 + -5?
-913
In base 10, what is -1508 + -1?
-1509
In base 14, what is -3 + 9c9?
9c6
In base 4, what is 102 - 1033?
-331
In base 8, what is -5 - -5344?
5337
In base 15, what is -15 + -1?
-16
In base 6, what is 15 - -1125?
1144
In base 14, what is -1a - 2a9?
-2c5
In base 5, what is 42 - -1040?
1132
In base 5, what is -342344 + -4?
-342403
In base 7, what is 2 + -33?
-31
In base 3, what is -22022 - 10?
-22102
In base 13, what is 4 - 3c7?
-3c3
In base 8, what is 1 + 205?
206
In base 13, what is -3 + b6?
b3
In base 16, what is 9 + 3?
c
In base 2, what is -100000000 - 10?
-100000010
In base 3, what is 2212 - 2?
2210
In base 16, what is a1 + -2?
9f
In base 3, what is -21212 - -10?
-21202
In base 5, what is -3101 - 24?
-3130
In base 6, what is -13423 + -3?
-13430
In base 3, what is -22102 + 0?
-22102
In base 11, what is 32 - 4?
29
In base 12, what is 1 + b0?
b1
In base 12, what is 26a7 - -3?
26aa
In base 2, what is -101110101110 + -11?
-101110110001
In base 5, what is 3 + -430?
-422
In base 7, what is 4 + 105?
112
In base 14, what is 0 - -29?
29
In base 12, what is 78 + 26?
a2
In base 11, what is -188 - 5?
-192
In base 3, what is 121 + -12?
102
In base 12, what is -2 + -57b?
-581
In base 7, what is -1 - -413?
412
In base 4, what is -1 - 22?
-23
In base 6, what is 154 + 14?
212
In base 15, what is 30 + -2?
2d
In base 9, what is -1 + 402?
401
In base 2, what is 1100 + 111110?
1001010
In base 10, what is 408 - -5?
413
In base 12, what is -2a + 491?
463
In base 5, what is -10 - -2031?
2021
In base 2, what is -1010001 - 100001?
-1110010
In base 13, what is -15 + 49?
34
In base 5, what is 4 - -42?
101
In base 14, what is 5 + -154?
-14d
In base 4, what is -221 - 112?
-333
In base 15, what is -19 - 30?
-49
In base 4, what is 1 + -113331?
-113330
In base 8, what is 5 - -22?
27
In base 14, what is 1 + -d1?
-d0
In base 6, what is 4 - -421?
425
In base 2, what is -1000100011101011 + 0?
-1000100011101011
In base 7, what is -1304 - -1?
-1303
In base 4, what is 1 - -12331?
12332
In base 5, what is 12443 + -100?
12343
In base 3, what is 2 + 10001?
10010
In base 15, what is 115 - 7?
10d
In base 7, what is -34 - 6?
-43
In base 10, what is 6 + 15?
21
In base 8, what is -101 - 13?
-114
In base 11, what is -3 + 13?
10
In base 4, what is 2 - 1121?
-1113
In base 5, what is -3 - 111444?
-112002
In base 4, what is -10112 - 3?
-10121
In base 13, what is -50 - -1?
-4c
In base 4, what is 3 - -12123?
12132
In base 15, what is -5 + 30?
2a
In base 6, what is 102 + -2?
100
In base 14, what is -2 - da0?
-da2
In base 2, what is 100001101 - 10?
100001011
In base 10, what is -16 - -74?
58
In base 15, what is -191 + -5?
-196
In base 2, what is -10010010010 + -11?
-10010010101
In base 8, what is 1 + -473?
-472
In base 